26*b - 21*b - 993, -4*p - 2*b + 978 = 0. List the prime factors of p.
2, 11
Suppose 0 = p + 3*k - 130, k - 4*k = -5*p + 596. Suppose -6*n + p - 31 = 0. What are the prime factors of n?
3, 5
Let a = 25 - 76. Let v = 24 + a. What are the prime factors of 3/v + (-165)/(-27)?
2, 3
Suppose w = -0*w + 15. Let i(u) = -14*u**2 - 12*u + 10. Let o(b) = -19*b**2 - 11*b + 10. Let r(g) = 4*i(g) - 3*o(g). What are the prime factors of r(w)?
2, 5
Suppose -30827 = -15*g + 4678. What are the prime factors of g?
3, 263
Suppose -20*m - 21888 = -32*m. What are the prime factors of m?
2, 3, 19
Let t(d) = -d**2 + 13*d - 10. Let y be t(12). Suppose 0*g + 126 = y*g. List the prime factors of g.
3, 7
Suppose -1008 = -6*g + 228. What are the prime factors of g?
2, 103
Let h be 297/45 + 2/5. Let u = -2 + h. Suppose 2*w = -4*d + 54, d - u*w = 5*d - 51. List the prime factors of d.
2, 7
Let m = -319 - -226. Let s = m - -106. List the prime factors of s.
13
Suppose -w - 5*z = -46, -6*w + 127 = -3*w + 4*z. Let k = w + 98. What are the prime factors of k?
139
Suppose 0 = -18*a + 14*a + 9116. What are the prime factors of a?
43, 53
What are the prime factors of (-18)/(-2)*(127 + -22)?
3, 5, 7
Let b = -7 + 5. Let m(k) = -42*k + 2. Let d be m(b). Suppose -5*z - d = -251. List the prime factors of z.
3, 11
Let o(y) = 7*y + 78. What are the prime factors of o(10)?
2, 37
Let n be (-2036)/(-52) + 6/(-39). Let u = 43 - n. What are the prime factors of u?
2
Suppose -10 = -2*l + 118. What are the prime factors of l?
2
Let i(c) = 5*c + 4. Let q(a) = a**2 - 2*a + 8. Let s be q(6). Suppose -1 = 4*o + x - 33, 4*o = -3*x + s. What are the prime factors of i(o)?
2, 11
Suppose -2*v = -3*v - 1. What are the prime factors of 1575/18 + ((-10)/4 - v)?
2, 43
List the prime factors of 1664/(-3)*(21 - 0)/(-7).
2, 13
Suppose 0 = -8*c + 2*u - 14375 + 44217, 3*c + 4*u - 11186 = 0. List the prime factors of c.
2, 5, 373
Suppose 2*s = -4*z + 62, -s - 3*s + 3*z + 69 = 0. Let m = s + -22. Let g = m - -31. What are the prime factors of g?
2, 3, 5
Suppose 2*s + 97 = i, 4*s - 341 = 2*i - 5*i. Suppose i = 4*x - 3*x - 3*m, 0 = 4*x + 5*m - 462. List the prime factors of x.
113
What are the prime factors of 17/(-5 + (378/(-8))/(-9))?
2, 17
Let o(w) = w**2 - 6*w - 3. Let h be o(6). Let i be -3*(-3 + (-5)/h). Suppose -i*y - 3*d = -12 - 39, 5*y - 60 = -5*d. What are the prime factors of y?
3, 5
Let x = 187 - 294. Let j = 278 + x. What are the prime factors of j?
3, 19
Let v = 26 + -30. Let q(d) = -d**3 - 2*d**2 - 3. List the prime factors of q(v).
29
Let k = 286 + 1440. List the prime factors of k.
2, 863
Let o be 1/((-3)/(-1 - 20)). Let m(a) = -3*a**3 - o*a**2 + 0*a**2 + 4*a**3 + 5. List the prime factors of m(7).
5
Suppose 0 = 47*g - 36*g - 9614. What are the prime factors of g?
2, 19, 23
Suppose 60 = -6*l + 11*l. What are the prime factors of (15/(-4))/5 + 549/l?
3, 5
Let r = 288 - 166. What are the prime factors of r?
2, 61
Let k = -18 - -15. Let t(x) = -x**3 - 3*x**2. Let r be t(k). Suppose 0*m - 4*m + 40 = r. List the prime factors of m.
2, 5
Suppose -3*d + 12 = 0, 5*d + 1868 = 4*i + 7*d. What are the prime factors of i?
3, 5, 31
Let r = 410 - 108. Suppose -a + r = 4*p, -4*p + 7*p - a = 223. Suppose 4*j + j - p = 0. List the prime factors of j.
3, 5
Let c be (6/(-4))/(3*(-6)/24). Suppose -3*l - c*o = -18, -3*o = 3*l - 2*l - 13. List the prime factors of l.
2
Let m(k) = 19*k**2 - 61*k + 9. List the prime factors of m(4).
3, 23
Let t(z) = -2*z**2 + 11*z + 1. Let q be t(5). Suppose 0 = -0*v + 2*v + q, 2*c - 181 = -3*v. List the prime factors of c.
5, 19
Suppose -4*f = g - 4623, 76*f - 80*f - 23163 = -5*g. List the prime factors of g.
11, 421
Let g = -7 - -11. Suppose 3*k = -2*z + 10 + 3, g*k = 2*z + 22. Suppose k*h - 4*f - 69 = 0, 5*h + f - 61 = -3*f. What are the prime factors of h?
13
Let t(s) = -9*s + 13. Let g(d) = d**2 + 10*d - 13. Let o(y) = 2*g(y) + 3*t(y). What are the prime factors of o(6)?
43
Let r = 705 - -75. List the prime factors of r.
2, 3, 5, 13
Let c = -210 + 281. What are the prime factors of c?
71
Let r = -5107 + 7301. What are the prime factors of r?
2, 1097
Let x = -3 - -7. Suppose -x*f + 211 = -33. List the prime factors of f.
61
Let g(k) = -5*k**3 - 9*k**2 + 4*k + 3. Let h(m) = m**2 + 3 - 9*m**2 + 4*m - 2*m**3 - 2*m**3. Let q(r) = -5*g(r) + 6*h(r). List the prime factors of q(4).
5, 7
Let z(x) = -x**3 + 11*x**2 - x + 12. Let f be (-50)/6*30/(-25). List the prime factors of z(f).
2, 3, 17
Suppose 0 = -21*t + 7762 + 40475. What are the prime factors of t?
2297
Let h = 25 - 19. List the prime factors of (11 - h)*1/10*222.
3, 37
Suppose -858 = 36*r - 42*r. Suppose 2*a + 173 = -31. Let s = a + r. What are the prime factors of s?
41
Let s be 60/33 + (-16)/(-88). Suppose -x = -5*n + 135, 2*n + s*n + 2*x = 94. Let t = n + -23. What are the prime factors of t?
3
Let y(k) = -26*k**3 + 4*k**2 + 11*k + 5. List the prime factors of y(-4).
3, 563
List the prime factors of 9/(-21) + 328947/203.
2, 3, 5
Suppose 5*t = -2*y + 158 + 36, 4*y = -12. Suppose a = 5*u - 4 - 10, 4*a = -4*u + t. What are the prime factors of (-159)/6*a/(-3)?
53
Let h = 551 - 379. Let u = h + -122. What are the prime factors of u?
2, 5
Let u = 39 - 37. List the prime factors of 85 - (u - 0) - 3.
2, 5
Let c(n) be the first derivative of -n**6/360 - n**5/20 + n**4/24 - n**3/3 - 6. Let d(p) be the third derivative of c(p). What are the prime factors of d(-4)?
3
Suppose -5*q + 1275 = 5*k, 2*k + 245 = -q + 759. Let j = -112 + k. List the prime factors of j.
3, 7
Let n = -21 - -25. Let t(h) = 15*h - 2. What are the prime factors of t(n)?
2, 29
Suppose 0 = -h + 1 + 2. Let i(d) = 9*d**2 - 4*d. What are the prime factors of i(h)?
3, 23
Suppose 80 = 2*m + 3*m. Let h = 26 - m. Suppose -h = 5*i, 2*y - 96 = -0*y + 3*i. List the prime factors of y.
3, 5
What are the prime factors of -5 - 2 - (-4 + -1520)?
37, 41
Let m be (8/20)/((-2)/(-190)). Let k = 102 - m. List the prime factors of k.
2
Suppose 0 = 5*n - 3*o - 1585, 4*n + n - 2*o - 1585 = 0. Suppose 3*r = -77 + n. What are the prime factors of r?
2, 5
Let l(m) = 0*m - 8 - 3*m + 4*m. Let b be l(11). List the prime factors of b/(3 - (-32)/(-12)).
3
Let z(b) = -3*b - 15. Let v be z(4). Let l = 284 + v. What are the prime factors of l?
257
Let j(p) = -p**3 + 7*p**2 + 9*p + 3. Let z be j(8). Suppose 66 = -10*n + z*n. List the prime factors of n.
2, 3, 11
Suppose 11*s + 147 = 14*s. List the prime factors of s.
7
Let b(o) = -20*o**3 - 13*o**2 - 33*o + 2. List the prime factors of b(-4).
2, 3, 67
Suppose -5*s + 312 = a + 121, a + 3*s = 195. List the prime factors of a.
3, 67
Let l = 12 + -16. Let w = 25 - l. List the prime factors of w.
29
List the prime factors of (-70*1)/((-4)/6).
3, 5, 7
Suppose -3*x = 4*t - 6*x + 156, -4*t = 2*x + 156. Let v = t - -77. List the prime factors of v.
2, 19
Let n = 4 - -100. Let u = n - 14. Suppose 2*w + w = 0, -5*w = -5*f + u. What are the prime factors of f?
2, 3
Let g be (3 - 10)/(2/(-4)). Let c(q) = q**2 - 15*q + 16. Let d be c(g). Let j = 25 - d. What are the prime factors of j?
23
Suppose -2*m = -i + 575, 2*i - 1158 = 107*m - 105*m. List the prime factors of i.
11, 53
Let l be (628/(-8))/((-2)/4). Suppose 4*z + z = -c + 196, -c = 4*z - l. List the prime factors of z.
3, 13
Let v(f) = 4*f**2 - 5*f + 5. Let r be v(2). Suppose -r - 1 = -4*j. Suppose 25 = i - 3*b - 2*b, j*i - 11 = -b. What are the prime factors of i?
5
Let x(a) = 10*a**2 + 13*a + 4. List the prime factors of x(-5).
3, 7
Let u(g) = 46*g**2 - 26*g - 33. What are the prime factors of u(-5)?
29, 43
Let n(s) = 74*s**2 - s + 2. Let v be n(1). Let p = 134 - v. What are the prime factors of p?
59
Let w = 3311 + -789. What are the prime factors of w?
2, 13, 97
Suppose 0 = -l + 5 - 1. Suppose 2*z - 7*d = -2*d + 81, -l*z = 2*d - 126. Suppose 4*x - z + 1 = 0. What are the prime factors of x?
2
Suppose 1 + 2 = 3*z. Suppose -2*g + 121 = z. Let f = g + -42. List the prime factors of f.
2, 3
Suppose 4*k + 6 = 2*c - 0, 3*k = c - 2. Let f(p) = 44*p + 39. What are the prime factors of f(c)?
7, 37
Suppose 2*n - 8758 = 11*c - 13*c, 4*n + 4394 = c. What are the prime factors of c?
2, 7, 313
Let s = -3350 + 6046. List the prime factors of s.
2, 337
Let a be (0 + 6)/(-2) - -61. Let m = -18 + a. Suppose 2*f - 6*f + m =